 tens digit of k/3 - (-352)/12?
3
Suppose -2*i + 27 = 75. What is the tens digit of (i/2)/((-6)/15)?
3
Let f = -12 + 1. Let i = f + -44. What is the tens digit of (-572)/i - 4/10?
1
Let l = -93 + 91. What is the tens digit of (-8)/10 + l + (-1616)/(-20)?
7
Let u = -30 + 23. Let o(d) = 3*d**2 + 2*d - 12. Let y be o(5). Let p = u + y. What is the units digit of p?
6
Let s be 362 + (-4 - (1 - 0)). Let z = -13 + s. What is the tens digit of z?
4
Let u(t) = -18*t**2 - 2*t. Let f be u(2). Let m = 118 + f. What is the units digit of m?
2
Let n be (-2 - 0)/(39/(-6) - -6). Suppose 12*j - 11*j + 3*v = 175, 0 = n*j + 3*v - 709. What is the tens digit of j?
7
Suppose 20 = 5*u, 13351 = 5*m + 4*u - 2050. What is the thousands digit of m?
3
What is the units digit of ((-86)/(-4))/(((-90)/680)/(-9))?
2
Let k(o) = o**2 + 9*o - 25. Let n(l) = -l + 9. Let r be n(0). What is the units digit of k(r)?
7
Suppose -4*y = -2301 - 395. What is the tens digit of (-30)/20 - y/(-4)?
6
Suppose -6*z = n - 2*z - 90, 4*z = -5*n + 386. What is the units digit of n?
4
Suppose 6*f - f = 175. Suppose -x = -6*x + f. Suppose u - 3*b - 21 = 0, 0*u = -2*u - b + x. What is the units digit of u?
6
What is the units digit of (-6)/(-4)*(4 - (-512 - 2))?
7
Let p(z) = -z**2 - 47*z + 38. What is the hundreds digit of p(-25)?
5
Let q(b) = b**3 + 4*b**2 + 2*b. Let o(g) = -4*g**3 + g**3 + 4*g**3 - 5*g + 9 - 5*g**2 - 3*g. Let y be o(6). What is the units digit of q(y)?
3
Suppose 33*t - 1029 = 26*t. What is the tens digit of t?
4
Let m(g) = -198*g - 594. Let l(a) = 11*a + 33. Let n(o) = 55*l(o) + 3*m(o). What is the units digit of n(15)?
8
Suppose 5*r = 2*x + 2*r - 30, 2*x - 16 = -4*r. Let d be (-25)/(-3) + (-2)/(-3). Let j = x - d. What is the units digit of j?
3
Suppose 2741 + 6429 = 14*i. What is the hundreds digit of i?
6
Let x be 0 - 4 - (6 + -301). Let d = x + -165. What is the tens digit of d?
2
Suppose -9*b + 4 = -10*b. What is the tens digit of 95 - -3 - (7 + b)?
9
Let m = -26 - -1848. What is the hundreds digit of m?
8
Let g(j) = 2*j**2 - 44*j + 2. Let d be g(22). Suppose 408 = d*b - 2*u, -b - u + 347 = 133. What is the tens digit of b?
0
Suppose 24 = 2*l - 0*l. Let y = -13 + l. What is the units digit of 25 + -2 - y/(-1)?
2
Let u = 198 - 202. Let q(y) = -8*y - 13. Let l(b) = -4*b - 6. Let g(d) = 7*l(d) - 3*q(d). What is the units digit of g(u)?
3
Let k(t) = t**3 - 5*t**2 - 17*t + 7. Let d be k(7). What is the units digit of d/(((-12)/20)/3)?
0
Suppose 3*p = -2*v + 5 - 0, -3*p + 3*v + 15 = 0. Suppose -17 = -w + 4*k, 0 = -p*w - 0*k - 3*k - 9. Suppose -2*d + w = -d. What is the units digit of d?
1
Let l(g) = 475*g + 25. What is the hundreds digit of l(5)?
4
Let q(w) = 49*w + 60. What is the units digit of q(11)?
9
Let o be 26/10 - (1 - 2/5). Suppose -4*p - 3*z = -582, -z = -0*z - o. What is the units digit of p?
4
Suppose 28*j - 30*j + 24 = 0. What is the tens digit of -3*(-4 + (-140)/j)?
4
What is the units digit of 2/2 - 3244*9/(-18)?
3
What is the units digit of (-5 + 3)/((20/1445)/(-4))?
8
Let z = -20 - -11. Let w(r) = r**3 + 8*r**2 - 11*r + 2. Let p be w(z). Suppose 0 = -3*n + 5*n - p. What is the units digit of n?
0
Suppose l + 3528 + 3975 = 6*i, 2*i + 3*l - 2491 = 0. What is the units digit of i?
0
Suppose 3*o + 50 - 20 = 0. Let v = -7 - o. Suppose -5*i - u + 31 = 3*u, -4*i + 25 = v*u. What is the units digit of i?
7
Let w be (-2)/(-7) + (-161)/49. Let y = w + 1. What is the units digit of (15/(-9))/(y/6)?
5
Suppose -h + 4*x + 291 = -1128, -3*h = x - 4192. What is the units digit of h?
9
Let c = -748 + 1484. What is the hundreds digit of c?
7
What is the units digit of 11032/(-35)*10/(-4)?
8
Suppose 246 = u - 4*t, 0*u + 487 = 2*u - 3*t. What is the units digit of u?
2
Let s(y) = 21 - 5 + y - 5. What is the units digit of s(-10)?
1
Let g(q) = -q - 9. Let s be -3 + 3 + 24/(-2). Let l be g(s). Suppose n + 89 = l*w + 29, -4*w - 2*n + 90 = 0. What is the tens digit of w?
2
Suppose -1 = -p - 24. Suppose -8*k + 12*k = -172. Let g = p - k. What is the units digit of g?
0
Let a(c) = 364*c + 266. What is the units digit of a(11)?
0
Suppose -2*p = -0*p - 72. Suppose -p - 17 = f. Let o = f + 79. What is the units digit of o?
6
Suppose 3*h - 3*q - 2727 = 0, 0*q - 3646 = -4*h + 2*q. What is the hundreds digit of h?
9
Let c = 20 + 5. Suppose -5*a = -h - 3*a + c, -42 = -2*h + 2*a. What is the tens digit of h?
1
Suppose 0 = -1777*o + 1774*o + 5562. What is the hundreds digit of o?
8
Suppose -4*b + 2*b - a + 1 = 0, b - 3*a = 11. Let i be -12*((-8)/6 + 2). What is the units digit of b/(-5*i/20)?
1
Suppose -5*g = -4*g - 3. Suppose -g*w = w - 44. Let m = w - -5. What is the tens digit of m?
1
Suppose 0 = -17*l + 14*l + 1050. Suppose 0*z + 2*z + a = 165, 4*z = 2*a + l. What is the tens digit of z?
8
Let j be (4 - (-38)/(-8))*-64. Let q = -48 - j. Let p = -65 - q. What is the units digit of p?
1
Let r(m) = -7*m**3 + 3*m**2 + 6*m + 1. What is the hundreds digit of r(-3)?
1
Let t(g) = -g**3 - 6*g**2 + g + 8. Let y = -10 - -4. Let f be t(y). Suppose 38 = 4*x - f*x. What is the units digit of x?
9
Let a be 6/(-3) + -9 + -2 + -1. Let x = a - -213. What is the hundreds digit of x?
1
Let k(q) = -q**3 + 25*q**2 - 12*q - 57. What is the units digit of k(23)?
5
What is the units digit of 6156/8 + 6/4?
1
Suppose 0 = -13*r + 7*r + 492. What is the tens digit of r?
8
Let t = 1977 - 811. What is the hundreds digit of t?
1
Let v(w) = 8*w - 26. Let z be v(-8). Let n = z + 339. What is the units digit of n?
9
Let w be (56/16)/(3/54). Suppose -300 = -3*p - w. What is the units digit of p?
9
Let o(w) = -53*w + 14. Let g be o(-8). Suppose -6*m + 0*m + g = 0. What is the units digit of m?
3
Let z(b) = -b - 27. Let m(a) = a + 27. Let y(u) = -2*m(u) - 3*z(u). What is the tens digit of y(-9)?
1
Suppose -8*n = -10*n. Suppose 0 = 2*z - n*z + 42. What is the units digit of (-6)/(-14) - 12/z?
1
Let h(g) be the third derivative of 4*g**6/5 - g**4/12 + g**3/6 - 2*g**2. Let p be h(1). Suppose 13*u - p = 8*u. What is the units digit of u?
9
Let b = 16 - 10. Let g(t) = 41*t - 20. What is the units digit of g(b)?
6
Suppose v - 3*v = 3*g + 47, 5*g + v = -83. What is the tens digit of (g/(-1))/(1/3)?
5
Suppose 9 = 2*s + s. What is the units digit of ((-36)/(-9))/(2/s)?
6
Let p = 20 - 16. Suppose g = -p*g. Suppose g = -4*l + 3*l + 7. What is the units digit of l?
7
Suppose 4410 = 2*o + 4*b, -11043 = -5*o - 10*b + 9*b. What is the thousands digit of o?
2
Let c(r) = 7*r + 4. Suppose 4*y - 35 = -19. Let k be c(y). Suppose m = -m + k. What is the units digit of m?
6
What is the tens digit of (7904 - -1 - -13)/(0 + 2)?
5
Let w be (-6)/(-24) - (-31)/4. Let h(b) = -2*b + 4*b - w + 1 + 1. What is the units digit of h(5)?
4
Let r be 175/(-10)*(-336)/20. Suppose 4*w = 3*x + r, -3*w + 3*x + 183 = -39. What is the tens digit of w?
7
Suppose -4*p = -8, -3*w = -5*w - 5*p + 88. Let t = 78 - w. What is the units digit of t?
9
Let z(d) = -31*d + 10. Let y(l) = 15*l - 5. Let w(b) = -5*y(b) - 3*z(b). What is the tens digit of w(7)?
2
Let f be (-1806)/(-18) - 1/3. Suppose f - 8 = 4*l. Let k = l + 17. What is the tens digit of k?
4
Suppose -11*b + 950 + 359 = 0. Let z = b + -77. What is the tens digit of z?
4
Suppose 2*l = 3*o + 7, 0*o - 1 = o. What is the units digit of 1/l - (-6 + (-3330)/12)?
4
Suppose 1392 = -20*o + 24*o. What is the tens digit of o?
4
Suppose 0 = -3*o - 5*w + 3852, 2*o - 2674 = w - 106. What is the thousands digit of o?
1
Let l(a) = 13*a + 96. What is the tens digit of l(18)?
3
Suppose -298 + 54 = -2*h. What is the hundreds digit of h?
1
Let q(w) be the first derivative of -1/2*w**4 + 10 + 3*w - 2/3*w**3 - 3/2*w**2. What is the units digit of q(-3)?
8
Suppose -h = -4*h - 72. What is the units digit of (h/42)/(2/(-161))?
6
Suppose z + 4*t - 145 = 125, -5*z + 5*t = -1375. What is the units digit of z?
4
Suppose 3*i + 5 = 2*s - 3, -3*s = -2*i - 12. Suppose i = -6*n + 2*n + 16. Let k(h) = 6*h - 4. What is the tens digit of k(n)?
2
Let t(g) = -g**3 - 6*g**2 - 4*g - 9. Suppose 4*v - 7 = -31. What is the tens digit of t(v)?
1
What is the tens digit of (-11 - (-540)/48) + 1463/4?
6
Suppose 0 = -3*q + 3*t + 1854, -3*q + 13*t - 11*t = -1851. What is the units digit of q?
5
Let t = 1774 + -1544. What is the tens digit of t?
3
Let q = -45 - -182.